
Let v = -1044 - -1804. List the prime factors of v.
2, 5, 19
Let t = -870 - -1447. What are the prime factors of t?
577
Suppose 3*v = 5*v + 2*g + 28, -4*g + 88 = -4*v. Let d = v - -28. List the prime factors of 4/d - (-72)/45.
2
List the prime factors of (-10 + 627/(-3))*2/(-3).
2, 73
Suppose -3*i + 14908 = 3*s + 3697, -18635 = -5*s + 5*i. What are the prime factors of s?
2, 3, 311
List the prime factors of (-13468)/(-24) - 8/48 - 1.
2, 5, 7
Let x(r) = 18*r**2 - 45*r + 20. What are the prime factors of x(9)?
29, 37
Suppose 45*r - 39*r = 7506. List the prime factors of r.
3, 139
List the prime factors of (62/(-6))/((-14)/(-21) + -1).
31
Let o(d) = -d**2 + 17*d - 6. Let t(q) be the second derivative of q**5/20 - q**4/12 - q**3/3 + 3*q**2/2 + q. Let z be t(3). What are the prime factors of o(z)?
2, 3
Let l(q) = -22 - q**3 - 2*q - 2*q + 21 + 3*q + q**2. Let u be l(-1). Suppose -5*g - 5*y + 44 = -51, -y + 36 = u*g. List the prime factors of g.
17
Let a(x) = -10*x**3 - 4 + 0 + 3*x + 0. Let m be a(3). List the prime factors of (-3)/12 + m/(-20).
13
Let m(a) = a**3 - a + 16. Let k = -15 + 13. Let d be (k - -2)*(-1 - 0). List the prime factors of m(d).
2
Let o(j) = 8*j**2 - 85*j + 25. What are the prime factors of o(18)?
1087
Suppose -35*b - 3 = -38*b. Suppose 2*a - 802 = -5*q, a - 2*a = -b. What are the prime factors of q?
2, 5
Suppose 9121 = 2*o + 5*k, 5*k + 8182 - 21861 = -3*o. What are the prime factors of o?
2, 43, 53
Let g = 409 + 55. List the prime factors of g.
2, 29
Let m(b) = -b**3 - 2*b**2 + 7. Let q be m(-3). What are the prime factors of 12*2*62/q?
3, 31
Suppose 2*z - 51 + 41 = 0. Suppose -5*t = -q - 636, -5*t + 2*t + z*q = -364. List the prime factors of t.
2
Let a = 5 + 46. Let y = 32 - 58. Let j = a + y. List the prime factors of j.
5
Suppose r - 3*j = 714, 34*r - 4*j = 33*r + 711. List the prime factors of r.
3, 241
What are the prime factors of -3*(-4)/(-78) + (-193599)/(-273)?
709
Let x = 4 - 1. Let b(n) = -n**3 + n - n**2 + n**2 - 4*n - n**2 + x. List the prime factors of b(-3).
2, 3, 5
Suppose 3213 = 10*d - 10727. List the prime factors of d.
2, 17, 41
Suppose -4*c = -r - 7828, -6*c + 4*c + 3914 = 3*r. What are the prime factors of c?
19, 103
Suppose 1968*g = 1975*g - 8288. What are the prime factors of g?
2, 37
Let t = 40 + -32. Suppose w - t = -w. Suppose -5*a = 2*d - 6*d + 228, -w*d + 268 = 5*a. List the prime factors of d.
2, 31
Let y = -112 + 114. Let w be 5 + (0 + -1)*1. Suppose -w*d = -0*d + 2*f - 30, y*f + 33 = 3*d. List the prime factors of d.
3
What are the prime factors of 0 + 2650 + (-27 - -23) + 4?
2, 5, 53
Let t = 734 + -302. What are the prime factors of t?
2, 3
Let b(s) = s**2 - 8*s + 7. Let q be b(8). Let j(u) = 1. Let x(t) = -6*t + 19. Let z(o) = 2*j(o) - x(o). List the prime factors of z(q).
5
Suppose -4*z = -4*y - 4, -2*y + 7*y - 3*z + 15 = 0. Let h = 15 - y. Suppose t - h = -6. List the prime factors of t.
3, 5
Let l = 100 + 123. List the prime factors of l.
223
Let r(w) = 875*w**2 - 2*w + 1. List the prime factors of r(-1).
2, 439
Let v(o) = 19*o - 7. Let d be v(5). Suppose -2*r + 70 + d = 0. List the prime factors of r.
79
Let o(b) = 4*b + 8. Let r(g) = -g + 1. Let d(l) = -o(l) + 4*r(l). Let y(n) = n**2 + 9*n + 10. Let i be y(-7). What are the prime factors of d(i)?
2, 7
List the prime factors of (228/24 + -9)/(2/348).
3, 29
Let f = 199 + -279. Let x = 122 + f. Suppose x + 58 = 4*w. What are the prime factors of w?
5
Let n be (116 - 24/6) + 1. Let m = -34 + n. List the prime factors of m.
79
Let p = -34 - -36. Suppose 3*b = 4*m - 263, -3*m = p*b + 4 - 214. List the prime factors of m.
2, 17
Suppose 6*l - l - 15 = 0. Suppose 5*k - 2*w - 1 = 22, -6 = 2*k + l*w. List the prime factors of 342/27 - 2/k.
2, 3
Let v be (-4 + 8)*(0 - -1). Suppose -v*n + 1449 = -1011. List the prime factors of n/27 + (-4)/(-18).
23
Let k = 4758 - 3316. What are the prime factors of k?
2, 7, 103
Let t = -38 - -44. Suppose 0 = -2*h + t*h - 392. What are the prime factors of h?
2, 7
Suppose 2447 = -4*d + x - 4*x, 602 = -d - 4*x. What are the prime factors of (-2)/(-7) + d/(-7)?
2, 11
Let s be 4 - 1 - 12/6 - 6. List the prime factors of 134/4*(80/(-8))/s.
67
What are the prime factors of 532438/318 + 4/(-3)?
7, 239
Suppose 5*r - 420 = -w, w - 18 - 411 = 4*r. List the prime factors of w.
5, 17
Let w(o) = o**3 + 7*o**2 - o - 194. List the prime factors of w(13).
19, 167
Let x = -15 - -14. Let q be (x + 3)*(5 + -3). Suppose q*n - 85 = -n + f, -3*f = 15. List the prime factors of n.
2
Suppose r + 3*r - 137 = 5*q, -4*q = -4*r + 136. Suppose -5*f + r = 6*w - 2*w, -4*w + 23 = 3*f. List the prime factors of 54 - (w - (2 - 4)).
2, 5
Let g(x) be the third derivative of x**6/120 + x**5/30 + x**4/8 + 13*x**3/6 - 10*x**2 - 2. List the prime factors of g(0).
13
Let r(v) = -v**3 + 23*v**2 + 16*v + 41. What are the prime factors of r(18)?
1949
Let u(n) = -2 + n + 3 + 2*n**2 - 2*n**3 + 0*n**3. Suppose -5 = -2*w + 3*q, -w - 4*q = -7*q - 7. What are the prime factors of u(w)?
23
Let a = -38 + 8. What are the prime factors of ((-12)/5)/(a/800)?
2
Let h(j) = 5*j**3 - 19*j**2 - 53*j + 11. Let q(u) = -3*u**3 + 9*u**2 + 27*u - 5. Let z(n) = -4*h(n) - 7*q(n). List the prime factors of z(-10).
61
Let y = -400 - -749. List the prime factors of y.
349
What are the prime factors of (-1 - (3 - (-28)/(-4))) + 740?
743
Let l(j) = j + 9. Let i be l(-5). Suppose 0*z + 212 = i*z. What are the prime factors of z?
53
Suppose 3*o + 2 = -j + 4, 3*o - 16 = j. Let l(s) be the third derivative of -s**5/60 - s**4/3 + 3*s**3/2 + 2*s**2. What are the prime factors of l(j)?
2
Let c(h) = -35*h - 137. What are the prime factors of c(-11)?
2, 31
Suppose -4*i = -i - 12, 98 = -3*z + 2*i. Let m = z - -41. List the prime factors of m.
11
Suppose -l + 107 + 320 = 0. List the prime factors of l.
7, 61
Suppose 2*b + 7 - 3 = 0. Let q = -53 + 37. Let p = b - q. What are the prime factors of p?
2, 7
Let y(t) = -t**3 + 6*t**2 - 4*t. Let l be y(5). Suppose q - 2*u = -4*u + 22, 43 = 2*q + l*u. What are the prime factors of q?
2, 3
Let i = -22 - -37. Suppose i = 5*d, 4*t + t = -5*d + 140. Suppose -5*g + t = -2*m - 1, -3*g = 4*m. List the prime factors of g.
2
Let q(o) = o + 12. Let k be q(-10). Let y(m) = 2 - 4 - k + 9 + 5*m. What are the prime factors of y(6)?
5, 7
Let p = -9 + 9. Suppose p = 3*t - 20 - 13. Let q = 15 - t. List the prime factors of q.
2
Suppose 37*k - 60004 = 9*k. List the prime factors of k.
2143
Let n(u) = u**2 + 11*u + 18. Let m be 3/12*0 - -2. Suppose 4*k + 4*y + 36 = 0, -39 = m*k + 2*k + 3*y. List the prime factors of n(k).
2, 3, 5
Let d = -30 + 24. List the prime factors of 6*-1*(d + -5).
2, 3, 11
Let h = 34 + 77. List the prime factors of h.
3, 37
Let t(q) = 3*q**2 - 12*q + 121. What are the prime factors of t(6)?
157
Let z be 1 + 52 + -1 + 2. Suppose 4 = -2*s, -4*m - 2*s = -3*s - z. List the prime factors of (13/m)/((-2)/(-34)).
17
Suppose 3*m = -3*r - 6, 5*m + 19 + 7 = 3*r. Let a(l) = 5*l + l**r + 11 + 8 - 9. What are the prime factors of a(-7)?
2, 3
Let d = 6854 + -4891. What are the prime factors of d?
13, 151
Let n(d) = -d**3 - 34*d**2 + 11*d + 48. What are the prime factors of n(-37)?
2, 937
Let m be -2 + (3 - 4) + (-2 - 0). What are the prime factors of (m + 3)/(-2*1/221)?
13, 17
Suppose 14*f - 2416 = -190. What are the prime factors of f?
3, 53
Let t = 141 + -94. Let m be (t/4)/(4/16). Let u = m + -32. What are the prime factors of u?
3, 5
Suppose 4*z = -4*n + 32, 0 = 4*z + 3*n + 12 - 45. Suppose 0 = 5*q + 15, z + 6 = -3*p - 5*q. Suppose 5*r - 63 + 13 = p. List the prime factors of r.
2, 5
What are the prime factors of ((-3)/(24/44))/(5/(-520))?
2, 11, 13
Suppose 0 = 119*a - 112*a - 1785. List the prime factors of a.
3, 5, 17
Let d(f) = -f**3 + 13*f**2 + 2*f - 23. Let s be d(13). List the prime factors of 76 - s/(3 - 0).
3, 5
Let u(t) = -t - 6*t + 1 - 85*t**2 + 87*t**2. What are the prime factors of u(7)?
2, 5
Suppose 450 = -9*h + 6*h. Let k = 258 + h. Let r = -60 + k. List the prime factors of r.
2, 3
Let u be (1 + -26)*(-60)/50. Suppose -7*j + 2*j + u = 0. What are the prime factors of 27/(-9)*(-34)/j?
17
Suppose -4*q + 4*d = -10788, -2*d + 3*d + 13489 = 5*q. What are the prime factors of q?
2, 19, 71
Suppose 1369 = 2*y + t, y + 0*t = 2*t + 682. Suppose 2*m = 